be p(4). Suppose -2*v + 4*i + 24 = 2*i, -2*v - b*i = -s. What is the units digit of v?
2
Let x(y) = 5 + 10 - 11*y + 4*y + 2*y**2 - 3*y**2. Let q be x(-7). What is the units digit of 6/9 + 5/q?
1
What is the hundreds digit of (11840/15)/(16/24)?
1
Let v = 1457 + -264. What is the hundreds digit of v?
1
What is the units digit of -27*3/(117/(-6149))?
7
Let a(w) = -w**3 + 61*w**2 + 67*w - 113. What is the tens digit of a(62)?
9
Let j(l) = -l**3 + 2*l + 683. What is the units digit of j(0)?
3
Let i = 6409 + -4236. What is the hundreds digit of i?
1
Let u be 4*(-14)/(-9) - 12/54. What is the hundreds digit of 40/u*(-4 + 123/6)?
1
Let s = 41 - 70. Let t = s + 46. What is the units digit of t?
7
Let o(s) = -s**2 - 1. Let i(j) = 10*j**2 + 2*j + 4. Let f(u) = i(u) + o(u). What is the units digit of f(2)?
3
Let n = -11 + 13. Suppose n*z + 5*o = z + 20, -z - 8 = -2*o. Suppose z = -3*f + 12 + 105. What is the tens digit of f?
3
Let j(p) = 6*p**2 - 2*p - 25. Let v be 10/(-15) + (-7)/3 + 9. What is the hundreds digit of j(v)?
1
Let f be 4/14 + ((-964)/(-7) - -3). Let d = f + -61. What is the units digit of d?
0
Suppose -5*y = 3*z - 2670 - 2751, -z + 2*y = -1807. What is the hundreds digit of z?
8
Suppose 0 = -4*a + 7*a - 5*h - 355, 3*a - h - 335 = 0. Let y be 8/6*(-207)/6. Let c = y + a. What is the tens digit of c?
6
Let s be ((-1)/3)/(1/9)*-1. Suppose s*l = -33 + 270. What is the tens digit of l?
7
Let o(m) = m**3 + 11*m**2 - 8*m - 1. Let y be o(-10). Suppose 56 = -d + y. What is the tens digit of d?
2
Let p be (-3)/12 - 15/4. Let u be p - -1 - (-33)/3. Let c = u - -4. What is the units digit of c?
2
Suppose j + 2*i - 134 = -0*i, -2*j - 3*i + 269 = 0. Suppose -j = 6*l - 616. What is the units digit of l?
0
Suppose -2*u - 2*p - 2 = 2*u, 3*u + 3*p = 3. Let v be (u/1)/(5/(-10)). Suppose -v*z = -28 - 124. What is the units digit of z?
8
Suppose 13 = -v + 15. Let n(r) = r**3 + 3*r**2 + 4*r + 14 - 11*r - 10*r - 12*r**v. What is the units digit of n(11)?
9
Suppose 0 = 9*d - 4*d - 65. Suppose -244 = -17*k + d*k. What is the tens digit of k?
6
Suppose 3*o + 3 = 5*g - 27, o = -3*g + 18. Let n(c) be the first derivative of -c**3/3 + 4*c**2 - 8*c - 96. What is the units digit of n(g)?
4
Let w(z) = z**2 - 7*z - 2. Let x be w(8). Let p be (-4)/24 - (-271)/x. Suppose 4*a - 2*c - 39 = -c, 4*a = -5*c + p. What is the tens digit of a?
1
Let o(r) = -r**3 - 15*r**2 + 4*r - 8. Let y be o(-15). What is the tens digit of 2/(60/y - -1)?
1
Suppose 872 = 45*m - 43*m. What is the units digit of m?
6
Suppose -8266 - 2102 = -12*d. What is the tens digit of d?
6
Let n = -125 + 128. Let m be (-1 - 0) + (-2 - -2). What is the tens digit of 140/n + m/(-3)?
4
Let g = -84 - -213. Let t = g + -79. What is the units digit of t?
0
Let o(z) = -z**3 + 9*z**2 + z - 14. Let w be o(9). Let m = w + 17. What is the units digit of m?
2
Let a be 3 + (4 - 0)/(-4)*106. What is the hundreds digit of a/((-7)/5 - 8/(-20))?
1
What is the tens digit of 30074/21 - ((-352)/(-231))/16?
3
Suppose 0 = -2*f - 5*s - 21, -3*s + 0*s = 9. Let y(w) = -24*w + 12. What is the tens digit of y(f)?
8
Suppose 4*t - 216 = -3*b + 695, -4*b + 4 = 0. What is the hundreds digit of t?
2
Let d(m) = m**3 + 10*m**2 - 23*m - 10. What is the hundreds digit of d(-9)?
2
Suppose 5*f = 3*k + 83, -5*k + 125*f - 129*f = 163. Suppose -168 = -5*p + 2*i, -3*p + 3*i - 5*i + 104 = 0. Let q = k + p. What is the units digit of q?
3
Suppose -4*w - 12 = 0, -5*j + 3*w + 9340 = -12654. What is the hundreds digit of j?
3
Suppose -4*j + 185 = 4*m - 979, 2*j - 585 = -3*m. What is the units digit of j?
8
Let s = 493 + -264. Suppose -26 - s = -5*t. What is the units digit of t?
1
What is the units digit of 5*2/20*(8455 - -27)?
1
Suppose -180*w = -182*w + 452. What is the hundreds digit of w?
2
Let b(d) = -d**2 - 10*d + 2. Suppose 0 = -4*z + 3 - 27. Let k be z - (-3)/9*-3. What is the units digit of b(k)?
3
Let g = -199 + 40. Let y = -89 - g. What is the tens digit of y?
7
Let d = 18 - 20. Let w be (-54)/45*35/d. Suppose -s - w = -4*z, 3*s + 3 + 32 = 5*z. What is the units digit of z?
4
Suppose -b = -2*j - 8, -3*b + 12 = -4*j - 20. What is the units digit of (-66)/(-10)*(21 - b)?
3
Let s(r) = 4*r**2 + 5*r - 3. Let l be s(-14). Suppose 592 + l = 5*w + d, -5*w + d = -1307. What is the hundreds digit of w?
2
Let u(m) = -m**2 + 7*m - 5. Let o be u(5). Suppose y = -2*q + 10, -2*q + 3*q + o = -3*y. Let a(x) = x - 3. What is the units digit of a(q)?
4
Let w be (-2 - (0 + 0))/((-2)/9). Let v = w - -10. What is the units digit of v?
9
Let t be 1/(2/33)*(-8)/(-3). Let z = 54 + t. What is the units digit of z?
8
Suppose 2*z = 2*p + 3*z - 4, -4*p + 2*z + 16 = 0. Let y be 3 + -1 - (p - -978). What is the tens digit of y/(-77) + 2/7?
1
Let o be 98 + 6/(-9)*-3. Let x(y) = -61*y**2 - y + 2. Let t be x(1). Let k = o + t. What is the units digit of k?
0
Let b(l) = -l**2 - 25*l - 16. Let d be b(-26). What is the units digit of (-508)/(-18) + d/189?
8
Suppose 4*i - 5*k = 33, 1 - 22 = 2*i + 5*k. Suppose -10 = -3*b - i*b. Suppose b*p + 26 = 3*p. What is the units digit of p?
6
Let g = 1004 + 147. What is the units digit of g?
1
Let j = 6806 - 1994. What is the units digit of j?
2
Let o(j) = -j**3 - 10*j**2 - 10*j - 4. Let l be o(-9). What is the tens digit of (14 - l) + -2 + 3?
1
Let h(k) = 21*k + 20. Let f(y) = 10*y + 9. Let q(g) = 13*f(g) - 6*h(g). Suppose 2*m - 3 - 3 = 0. What is the units digit of q(m)?
9
What is the tens digit of (-717 + -1 + 2)*(-15)/12?
9
Let c(a) = a**2 - 7*a + 3. Let q be c(7). Suppose 5*u - q = 6*u. What is the tens digit of (4/(-10))/(u/105)?
1
Let x(v) = -3*v - 30. Suppose 2*y + 33 = -3*z - 0*y, -14 = 2*z + 4*y. What is the units digit of x(z)?
9
Let t be 6/(1 - (-116)/(-112)). What is the tens digit of -2 - 2 - (t + 7)?
5
Let o(r) = 2*r**2 + r + 2011. What is the tens digit of o(0)?
1
Let o be 96/6*2/2. Let h = 22 - o. What is the tens digit of (348/18)/(4/h)?
2
Suppose q - 10 = -4*q. Suppose 0 = 5*u - q*u - 114. What is the units digit of ((-9)/6)/((-3)/u)?
9
Suppose -25*s + 15 = -20*s. Suppose -5*l + 64 = -r + 195, -5*r + s*l = -699. What is the tens digit of r?
4
Suppose -316*z = -322*z + 15492. What is the tens digit of z?
8
Let k be 4 + 10/(-15)*6 + -2. Let h(x) = 4*x + 6. Let g(a) = -3*a - 5. Let v(d) = -5*g(d) - 4*h(d). What is the units digit of v(k)?
3
Let c be 1264/12*(-6)/(-4) - 3. Let g = c + -49. What is the hundreds digit of g?
1
Let v(g) = 8*g + 15 - 26 + 5*g + 2*g. What is the units digit of v(8)?
9
Let w be (4/(-15))/((-10)/45)*210. Suppose 4*s - w - 276 = 0. What is the tens digit of s?
3
Let s(p) = 7*p**2 - 5*p + 3. Let a(b) = 8*b**2 - 6*b + 3. Let j(z) = -3*a(z) + 4*s(z). What is the units digit of j(2)?
5
Let w(a) = -76*a + 23. What is the hundreds digit of w(-3)?
2
Suppose 2*l = -2*a + 4*a + 796, 0 = -5*l + 3*a + 1980. Suppose -v - 5*j - 93 = -2*v, j = 5*v - l. What is the tens digit of v?
7
Suppose 0 = 5*g + 4*x + 4, -6*x - 3 = 3*g - 3*x. Suppose -v - 77 + 88 = g. What is the tens digit of v?
1
Let u be (-4)/12 - (-51)/(-9). Let v(p) = p**3 + 5*p**2 - 7*p - 5. Let t be v(u). What is the units digit of (-520)/(-24) + t/3?
2
Suppose -5*w = -s + 2*s - 8, -8 = -2*w + 2*s. Suppose -w*m + i - 3*i + 6 = 0, -2*i = 4. Suppose -m*k + 0*k + 25 = 0. What is the units digit of k?
5
Let i be 3 + -15 - (0 + 0). Let a = -9 - i. Suppose 0 = a*p - 0*p - c - 29, -3*p = -3*c - 27. What is the units digit of p?
0
Let r(j) = -j**3 + 23*j**2 - 42*j - 63. What is the hundreds digit of r(19)?
5
Let n(j) = 46*j**2 - 6*j + 16. Let p(c) = 9*c**2 - c + 3. Let r(a) = -3*n(a) + 16*p(a). What is the tens digit of r(2)?
2
Let h = -1740 - -991. What is the units digit of h/(-49) + 4/(-14)?
5
Let i(m) = m**2 + m + 1. Let f(s) = -7*s**2 - 19*s + 20. Let z(g) = -f(g) - 4*i(g). What is the hundreds digit of z(-12)?
2
Let m be (-7)/(-7)*(5 - -1). Let g be 85/15 - (-2)/6. Suppose 0 = -2*y + 3*s + g - 2, 2*y = 2*s + m. What is the units digit of y?
5
What is the tens digit of ((10/(-10))/1)/(1/(-683))?
8
Let a be 4*(-1)/(-2)*4. What is the tens digit of (-1 - (-1 - 12))*46/a?
6
Suppose 0 = 3*k - 0 - 18. Let m(c) = c - 4 + 8 - k*c. What is the units digit of m(-7)?
9
Let r(i) = i**2 + 4*i - 7. Let h be r(-5). Let s be 37 - 3*h/3. Suppose -5*x = -4*c - 123, -2*c + 